6827 = 2*k. List the prime factors of k.
5, 7, 11
Let g(k) = 2*k**3 - 6*k**2 + 5*k - 5. Let f be g(4). Let t(a) = -3*a - f + 19*a + 13*a + 48. List the prime factors of t(2).
59
Let t(x) = x**3 - 12*x**2 - 70*x - 152. List the prime factors of t(21).
2347
Let w(j) = -j**3 + 11*j**2 + 2*j - 15. Let d be w(-7). Let g = 1199 - d. Suppose 0 = 6*c - 218 - g. What are the prime factors of c?
2, 47
Let n(i) = 4*i**2 - 5*i**2 - 16*i - 16*i + 6 + 771 - i. List the prime factors of n(0).
3, 7, 37
Let p = 14175 + -2331. What are the prime factors of p?
2, 3, 7, 47
Let s(m) = -m**3 + 3*m**2. Let w be s(4). List the prime factors of (20/w - (-6)/24)*-857.
857
Let w be (-7398)/8 + (-2)/8. Let f = w + 1531. List the prime factors of f.
2, 3, 101
Let k(h) be the first derivative of 13*h**2/2 + 203*h - 104. List the prime factors of k(39).
2, 5, 71
Suppose 114 = 12*c - 42. Suppose -4*f - 756 = c*x - 15*x, 0 = 3*x - f - 1124. What are the prime factors of x?
2, 11, 17
Suppose 4*b - 5*b - j = 551, -3*b = 2*j + 1653. Let x = -369 - b. Suppose -x - 86 = -4*t. List the prime factors of t.
67
Let q(f) = f**3 - 7*f**2 - 6*f + 12. Let z be q(7). Let w be 6/(-12) + 0 + z/(-4). List the prime factors of 1111/w - 4/(-14).
3, 53
Let j(k) = -44*k - 50. Let y be j(-2). Let c = 1 + y. List the prime factors of c.
3, 13
Let i be (0 + -2)*(-6)/(-12)*-2. Suppose 33 - 733 = -3*h - g, -2*h - i*g = -472. What are the prime factors of h?
2, 29
Suppose 35 = 5*v - 4*o, v - 16 = 5*o + 12. Suppose v*h - 345 = 2*f + 133, -4*h = -5*f - 642. What are the prime factors of h?
2, 79
Let h(r) = 3*r + 59. Let d be h(-14). Suppose d*n - 4672 = -1289. What are the prime factors of n?
199
Let m be 54/4*(7 - (-358)/6). Suppose -m = -9*z + 7*z. List the prime factors of z.
2, 3, 5
What are the prime factors of (-4)/(-48) - (-1228066)/36*54/252?
2, 5, 17, 43
Let r = 4045 + -2370. Let k = -50 + r. What are the prime factors of k?
5, 13
Let f = 98 - 95. Let l(j) = -6*j**2 - 5*j**2 - 3*j**3 - 13 + 3*j**2 + f*j**2. What are the prime factors of l(-4)?
3, 11
Let t(h) = -h**3 + 8*h**2 - 12*h + 3. Let m be t(6). Let s be 4/m*((-36)/8)/(-3). Suppose a = s*a - 29. List the prime factors of a.
29
Suppose 5*t = 5, t = 5*l - 30 - 29. Suppose -8*w - 2784 = -l*w. Suppose 5*p - 4*g = -2*g + 867, -4*p + 4*g = -w. What are the prime factors of p?
173
List the prime factors of ((1 - 3) + 4/3)*502497/(-74).
3, 503
Suppose 15243887 = 324*v + 239*v - 102*v. What are the prime factors of v?
43, 769
Suppose p - r - 4*r = 2, -3*r - 8 = -4*p. Suppose -5*s - 5*t - 15 = 0, 40*s - t + 12 = 36*s. List the prime factors of (s/(-3) - p)*3*-19.
3, 19
Let c(n) = n**2 - 5*n + 9. Let m = -76 - -79. Let k be c(m). Suppose 0 = 2*l + 8, -4*i + 5*l = -k*i - 38. What are the prime factors of i?
2, 3
Let c(f) = -15*f**2 - 2*f + 14. Let x be c(10). Let d = -999 - x. Let a = 722 - d. List the prime factors of a.
5, 43
Suppose -5*z - 139020 = 483*o - 488*o, 0 = -5*o - 3*z + 139068. What are the prime factors of o?
2, 3, 5, 103
Let l = 20 + -21. Let t = l + -17. What are the prime factors of ((-676)/(-24))/1 - (-3)/t?
2, 7
Suppose -5*x - 5*b + 3*b - 30 = 0, -x + 6 = -2*b. Let z(y) = y**3 - 8*y**2 + 8*y + 1. Let t be z(7). What are the prime factors of 1798/t - 5/x?
2, 113
Suppose 5*c - 4*w = 290, -3*c = -2*c - 3*w - 58. Let r = c + -56. Let q(h) = 5*h**3 + 2*h**2 - h + 4. List the prime factors of q(r).
2, 5
What are the prime factors of (243/60 + -4)*4 + 51768/10?
31, 167
Let m(d) = -d**2 + 7*d - 7. Let g be m(9). Suppose 58*a + 190 = 63*a. Let j = a + g. List the prime factors of j.
13
Let c(q) = -q**2 + q + 363. Suppose 10*x = 7*x. What are the prime factors of c(x)?
3, 11
List the prime factors of (-3)/((-24)/(-860))*234/(-15).
3, 13, 43
Suppose 2 + 8 = -10*y. Let l be (-1)/(-2)*(3 - y). Suppose -8 = -l*a, -3*x + 7*x - 5*a = 40. List the prime factors of x.
3, 5
Suppose -62*j + 960 = -58*j. Suppose -7*h = -2*h - v - 573, -4*v = -2*h + j. What are the prime factors of h?
2, 3, 19
Let s(d) = 4298*d**2 + 303*d - 1. What are the prime factors of s(-2)?
5, 31, 107
Let r(l) = l + 1. Let t(p) be the third derivative of 5*p**4/12 - 3*p**3/2 + 17*p**2. Let d(x) = 2*r(x) - t(x). List the prime factors of d(-12).
107
Suppose -11*r + 11976 = -27899. List the prime factors of r.
5, 29
Let n = -13 - -20. Suppose n*x - 2*x - 310 = 3*b, 4*x = -3*b - 319. Let r = -42 - b. What are the prime factors of r?
3, 7
Suppose -167645 - 55971 = -29*m + 50115. List the prime factors of m.
9439
Let h = 579 - 720. Let u = 643 - h. What are the prime factors of u?
2, 7
Suppose -179*w + 3520 = -175*w. Suppose -2*p = -8 - w. List the prime factors of p.
2, 3, 37
Suppose -30*p = -33*p - 6. Let d be (-2 - -1)*(-2 - p) - -126. List the prime factors of (-642)/(-7) + 36/d.
2, 23
Suppose -158 = 3*d - 155. List the prime factors of 11/(-10 - 34)*(d + -475).
7, 17
Suppose -24*r + 1 = -25*r. List the prime factors of 546/105*(31 + r).
2, 3, 13
Suppose 4992 = 5*g + 1107. Let y = g + 598. What are the prime factors of y?
5, 11
Let s(y) = y**3 + 27*y**2 + 48*y - 68. Let p(a) = -10*a + 38. Let r be p(6). What are the prime factors of s(r)?
2, 3
Let t be -2 + 1 - (-15 - -11). Suppose -96 = t*m - 411. Suppose -m - 170 = -5*v. What are the prime factors of v?
5, 11
Suppose 81*p - 185988 = 69*p. What are the prime factors of p?
11, 1409
Let f = 36297 - -18355. List the prime factors of f.
2, 13, 1051
Suppose 30*p - 9488 = 38*p. List the prime factors of -6 - -6 - 6 - p.
2, 5, 59
Let a(t) = t + 13. Let b be a(-10). Suppose 0*k - 4*k + 4 = 0. Suppose k = x - b. List the prime factors of x.
2
What are the prime factors of (-11 - 72/(-16))*-46?
13, 23
Suppose -2*z - 3*d = -d - 718, 704 = 2*z - 5*d. Suppose -5*y + 376 = 1441. Let f = z + y. List the prime factors of f.
2, 3
Let h(f) = 9*f - 46. Suppose l - 40 = -7*l. Let c be h(l). List the prime factors of c - (-4 - (121 - -3)).
127
Suppose -89625 = -14*h + 24335. List the prime factors of h.
2, 5, 11, 37
Let y = -58 - -25. Let r = 33 + y. Suppose 4*x = r, -3*j + 385 = 2*j + 2*x. List the prime factors of j.
7, 11
Let v(l) = 10*l**2 + 9*l - 6. Let s be v(5). Let r = 417 - s. Suppose p = -p + r. List the prime factors of p.
2
Suppose -2*a = -5*g - 73, -5*a + 2*g - 48 = -283. Suppose -984 = -a*l + 45*l. List the prime factors of l.
2, 3, 41
Let x be (32/20 + -4)/(8/(-1680)). Suppose 5*s + 1021 = 2*d, -10*s + 14*s = -d + x. What are the prime factors of d?
2, 127
Let z be (-12)/1*(11/4 - 3). Suppose u = -3*w - 2, -w + 3*w - 8 = -z*u. Suppose l - 5*s - 14 = 69, u*l - 378 = -3*s. List the prime factors of l.
3, 31
Let f(b) = 7*b**3 - 18*b**2 + 79*b - 568. List the prime factors of f(13).
2, 7, 457
Let p(b) = 19*b + 3116. List the prime factors of p(24).
2, 19, 47
Let c = 3061 + -5412. Let i = c - -3680. List the prime factors of i.
3, 443
Suppose -2841181 + 7985094 = 327*a - 12127900. What are the prime factors of a?
13, 17, 239
Let l(y) be the second derivative of y**5/20 + y**4/12 - 3*y**3/2 + 87*y**2/2 - 3*y + 8. What are the prime factors of l(0)?
3, 29
Suppose -110*y = -109*y - 6500. What are the prime factors of y?
2, 5, 13
Suppose -2*d + 2 = 0, -3*l = d - 2*d + 1318. Let j = l - -821. List the prime factors of j.
2, 191
Let v(t) = -t**2 + 10*t + 5. Let u(m) = -m + 22. Let b be u(12). Let q be v(b). What are the prime factors of ((-34)/q)/(2/(-10))?
2, 17
Let v(b) = 6*b - 28. Let o be v(5). Let k = -549 + 803. Suppose o*u + k = n - 2*u, 3 = u. List the prime factors of n.
2, 7, 19
Suppose -24*j + 196261 = -20099. Suppose 9*y - j = -6*y. What are the prime factors of y?
601
Suppose 1829 = -40*p + 8029. List the prime factors of p.
5, 31
Suppose -5*k + t + 58873 = 0, 18864 = 4*k - 4*t - 28228. List the prime factors of k.
3, 5, 157
Let b = 499 - -28. List the prime factors of b.
17, 31
Let t = 9 - -137. Suppose -5*w + t + 229 = 0. List the prime factors of w.
3, 5
Let p(y) = -63*y - 130. Let j be 1*(-21 + (5 - 7)). What are the prime factors of p(j)?
1319
Suppose 0 = 3*c + 5 - 5. Suppose c = 2*d + 2*j - 98, -45 = -d - 5*j - 0*j. Suppose -3*k = -3*l - d - 46, 3*k + l - 108 = 0. What are the prime factors of k?
5, 7
Suppose 2*w + 60*s - 59*s - 25186 = 0, 2*s = 4. What are the prime factors of w?
2, 787
Suppose -159*t + 5047559 = 66*t + 179